{"id":121564,"date":"2022-01-18T15:20:14","date_gmt":"2022-01-18T15:20:14","guid":{"rendered":"https:\/\/www.lespatronnes.fr\/wp-content\/uploads\/woocommerce_uploads\/2017\/01\/patron-goya-Bebe-1-mois-a-2-ans-A4-qijopb.pdf"},"modified":"2022-01-18T15:20:14","modified_gmt":"2022-01-18T15:20:14","slug":"patron-goya-bebe-1-mois-a-2-ans-a4-2","status":"inherit","type":"attachment","link":"https:\/\/www.lespatronnes.fr\/en\/?attachment_id=121564","title":{"rendered":"patron goya B\u00e9b\u00e9 1 mois \u00e0 2 ans A4"},"author":1,"featured_media":0,"comment_status":"open","ping_status":"closed","template":"","meta":{"_exactmetrics_skip_tracking":false,"_exactmetrics_sitenote_active":false,"_exactmetrics_sitenote_note":"","_exactmetrics_sitenote_category":0},"class_list":["post-121564","attachment","type-attachment","status-inherit","hentry"],"description":{"rendered":"<p class=\"attachment\"><a class=\"thumbnail\" href='https:\/\/www.lespatronnes.fr\/wp-content\/uploads\/woocommerce_uploads\/2017\/01\/patron-goya-Bebe-1-mois-a-2-ans-A4-qijopb.pdf'><img loading=\"lazy\" decoding=\"async\" width=\"212\" height=\"300\" src=\"https:\/\/www.lespatronnes.fr\/wp-content\/uploads\/woocommerce-placeholder.png\" class=\"attachment-medium size-medium\" alt=\"\" \/><\/a><\/p>\n"},"caption":{"rendered":""},"alt_text":"","media_type":"file","mime_type":"application\/pdf","media_details":{"sizes":{"full":{"file":"patron-goya-Bebe-1-mois-a-2-ans-A4-qijopb-pdf-5txtm9.jpg","width":1058,"height":1497,"mime_type":"application\/pdf","source_url":"https:\/\/www.lespatronnes.fr\/wp-content\/uploads\/woocommerce_uploads\/2017\/01\/patron-goya-Bebe-1-mois-a-2-ans-A4-qijopb-pdf-5txtm9.jpg"},"medium":{"file":"patron-goya-Bebe-1-mois-a-2-ans-A4-qijopb-pdf-5txtm9-212x300.jpg","width":212,"height":300,"mime_type":"image\/jpeg","source_url":"https:\/\/www.lespatronnes.fr\/wp-content\/uploads\/woocommerce_uploads\/2017\/01\/patron-goya-Bebe-1-mois-a-2-ans-A4-qijopb-pdf-5txtm9-212x300.jpg"},"large":{"file":"patron-goya-Bebe-1-mois-a-2-ans-A4-qijopb-pdf-5txtm9-724x1024.jpg","width":724,"height":1024,"mime_type":"image\/jpeg","source_url":"https:\/\/www.lespatronnes.fr\/wp-content\/uploads\/woocommerce_uploads\/2017\/01\/patron-goya-Bebe-1-mois-a-2-ans-A4-qijopb-pdf-5txtm9-724x1024.jpg"},"thumbnail":{"file":"patron-goya-Bebe-1-mois-a-2-ans-A4-qijopb-pdf-5txtm9-106x150.jpg","width":106,"height":150,"mime_type":"image\/jpeg","source_url":"https:\/\/www.lespatronnes.fr\/wp-content\/uploads\/woocommerce_uploads\/2017\/01\/patron-goya-Bebe-1-mois-a-2-ans-A4-qijopb-pdf-5txtm9-106x150.jpg"}}},"post":94163,"source_url":"https:\/\/www.lespatronnes.fr\/wp-content\/uploads\/woocommerce_uploads\/2017\/01\/patron-goya-Bebe-1-mois-a-2-ans-A4-qijopb.pdf","_links":{"self":[{"href":"https:\/\/www.lespatronnes.fr\/en\/wp-json\/wp\/v2\/media\/121564","targetHints":{"allow":["GET"]}}],"collection":[{"href":"https:\/\/www.lespatronnes.fr\/en\/wp-json\/wp\/v2\/media"}],"about":[{"href":"https:\/\/www.lespatronnes.fr\/en\/wp-json\/wp\/v2\/types\/attachment"}],"author":[{"embeddable":true,"href":"https:\/\/www.lespatronnes.fr\/en\/wp-json\/wp\/v2\/users\/1"}],"replies":[{"embeddable":true,"href":"https:\/\/www.lespatronnes.fr\/en\/wp-json\/wp\/v2\/comments?post=121564"}]}}

patron goya Bébé 1 mois à 2 ans A4
